 base 13
2
28 (base 15) to base 5
123
What is 74 (base 9) in base 8?
103
What is 42 (base 14) in base 13?
46
Convert 11 (base 2) to base 12.
3
Convert 10 (base 11) to base 13.
b
What is 103 (base 4) in base 13?
16
Convert -194 (base 13) to base 14.
-16a
4 (base 14) to base 5
4
What is -200 (base 3) in base 4?
-102
30 (base 5) to base 16
f
Convert -3 (base 14) to base 4.
-3
Convert -1100 (base 4) to base 2.
-1010000
2 (base 11) to base 15
2
Convert 2 (base 11) to base 7.
2
What is 3 (base 15) in base 10?
3
1000 (base 2) to base 12
8
What is -100 (base 3) in base 6?
-13
What is -6 (base 7) in base 2?
-110
178 (base 9) to base 3
12122
What is -6 (base 10) in base 12?
-6
What is 122 (base 3) in base 12?
15
What is -4 (base 16) in base 9?
-4
65 (base 8) to base 11
49
Convert -13 (base 11) to base 10.
-14
123 (base 4) to base 15
1c
What is 34 (base 7) in base 16?
19
-63 (base 13) to base 4
-1101
16 (base 11) to base 16
11
What is -12 (base 12) in base 5?
-24
-10100011 (base 2) to base 7
-322
What is 5 (base 11) in base 7?
5
What is 1 (base 9) in base 10?
1
Convert 30 (base 7) to base 12.
19
Convert 1 (base 10) to base 2.
1
Convert 15 (base 7) to base 12.
10
Convert 12 (base 8) to base 14.
a
Convert -125 (base 11) to base 4.
-2110
-213 (base 7) to base 5
-413
What is -223 (base 4) in base 3?
-1121
251 (base 6) to base 3
10211
50 (base 11) to base 13
43
551 (base 7) to base 5
2111
Convert 0 (base 9) to base 6.
0
Convert -29 (base 14) to base 10.
-37
What is 127 (base 8) in base 6?
223
-121 (base 4) to base 15
-1a
Convert -33 (base 16) to base 8.
-63
What is -1 (base 10) in base 5?
-1
What is -1 (base 5) in base 6?
-1
Convert -110 (base 2) to base 11.
-6
3a (base 16) to base 7
112
Convert 3 (base 8) to base 15.
3
What is -10 (base 12) in base 8?
-14
Convert -340 (base 7) to base 3.
-20111
Convert 23a (base 12) to base 4.
11032
Convert 220 (base 5) to base 16.
3c
101000110 (base 2) to base 14
194
Convert -1 (base 12) to base 4.
-1
100 (base 10) to base 2
1100100
What is -11010 (base 2) in base 9?
-28
-122 (base 8) to base 14
-5c
e (base 15) to base 14
10
Convert -32 (base 7) to base 15.
-18
Convert -47 (base 16) to base 7.
-131
Convert 102 (base 12) to base 8.
222
What is 2201 (base 3) in base 12?
61
-244 (base 6) to base 13
-79
What is 7 (base 10) in base 2?
111
2 (base 11) to base 16
2
Convert 2 (base 6) to base 2.
10
What is 1 (base 13) in base 5?
1
-14 (base 6) to base 12
-a
Convert 5 (base 6) to base 9.
5
What is -88 (base 10) in base 7?
-154
a (base 16) to base 9
11
Convert 10 (base 16) to base 13.
13
What is 101010001 (base 2) in base 12?
241
Convert -82 (base 11) to base 8.
-132
Convert 4 (base 11) to base 4.
10
Convert c (base 14) to base 11.
11
Convert -32 (base 5) to base 2.
-10001
Convert -3 (base 7) to base 9.
-3
Convert -2 (base 14) to base 15.
-2
-110 (base 2) to base 4
-12
Convert 10 (base 2) to base 6.
2
-23 (base 12) to base 14
-1d
101 (base 7) to base 12
42
-202 (base 5) to base 6
-124
31 (base 4) to base 3
111
Convert -1 (base 11) to base 16.
-1
What is 3 (base 11) in base 12?
3
Convert 22 (base 13) to base 9.
31
-20 (base 12) to base 9
-26
-10 (base 6) to base 9
-6
What is 563 (base 8) in base 13?
227
What is 100 (base 2) in base 15?
4
-2102 (base 3) to base 10
-65
What is -10b (base 15) in base 12?
-178
Convert -101 (base 2) to base 11.
-5
-110 (base 2) to base 16
-6
11 (base 2) to base 10
3
-2 (base 12) to base 7
-2
Convert 1 (base 14) to base 2.
1
Convert 18 (base 14) to base 6.
34
183 (base 13) to base 16
114
What is 0 (base 15) in base 9?
0
-5 (base 16) to base 5
-10
What is 2 (base 10) in base 14?
2
What is 0 (base 8) in base 14?
0
What is -135 (base 6) in base 8?
-73
What is -3 (base 4) in base 8?
-3
Convert -202 (base 4) to base 5.
-114
What is 2 (base 5) in base 8?
2
-12 (base 13) to base 9
-16
What is 55 (base 12) in base 16?
41
What is -4 (base 10) in base 8?
-4
Convert -1111 (base 2) to base 5.
-30
0 (base 4) to base 2
0
What is 3 (base 14) in base 8?
3
-20 (base 5) to base 14
-a
Convert -18 (base 15) to base 4.
-113
What is 21 (base 7) in base 8?
17
What is 0 (base 15) in base 14?
0
What is 1011 (base 3) in base 8?
37
What is -2 (base 14) in base 9?
-2
Convert 10 (base 7) to base 10.
7
What is -6 (base 8) in base 13?
-6
Convert -3 (base 15) to base 9.
-3
342 (base 6) to base 13
a4
-7 (base 15) to base 12
-7
What is 176 (base 8) in base 11?
105
Convert -10 (base 7) to base 2.
-111
-17 (base 14) to base 12
-19
Convert 3 (base 8) to base 16.
3
Convert 1222 (base 3) to base 14.
3b
c (base 14) to base 3
110
What is 301 (base 4) in base 3?
1211
Convert 131 (base 4) to base 2.
11101
11 (base 2) to base 8
3
What is 4 (base 16) in base 14?
4
Convert 44 (base 11) to base 4.
300
What is 140 (base 8) in base 5?
341
What is -137 (base 16) in base 12?
-21b
What is 7 (base 9) in base 2?
111
2 (base 11) to base 15
2
What is 5 (base 13) in base 6?
5
Convert -4 (base 12) to base 4.
-10
What is 17 (base 9) in base 16?
10
Convert 100 (base 2) to base 9.
4
What is 2 (base 14) in base 2?
10
-5 (base 7) to base 9
-5
Convert 3 (base 12) to base 4.
3
What is 7b (base 16) in base 3?
11120
Convert 241 (base 7) to base 4.
1333
-54 (base 15) to base 2
-1001111
-10000000 (base 2) to base 9
-152
Convert 111011 (base 2) to base 10.
59
What is -101 (base 4) in base 13?
-14
Convert -6 (base 14) to base 10.
-6
-3 (base 12) to base 5
-3
7c (base 14) to base 6
302
What is 10 (base 2) in base 3?
2
-1 (base 2) to base 4
-1
1001 (base 2) to base 5
14
Convert -22 (base 9) to base 6.
-32
Convert 33 (base 6) to base 15.
16
Convert -20 (base 4) to base 9.
-8
What is -6 (base 16) in base 15?
-6
What is 1 (base 16) in base 15?
1
Convert -3 (base 9) to base 13.
-3
What is -51 (base 14) in base 15?
-4b
Convert -2 (base 9) to base 4.
-2
3 (base 10) to base 7
3
Convert 112 (base 5) to base 9.
35
Convert -24 (base 6) to base 7.
-22
What is 5f (base 16) in base 15?
65
2 (base 3) to base 7
2
Convert -16 (base 8) to base 15.
-e
What is -3 (base 8) in base 5?
-3
-19 (base 12) to base 2
-10101
What is 3 (base 11) in base 8?
3
What is -10 (base 3) in base 14?
-3
-147 (base 14) to base 6
-1111
Convert -2 (base 15) to base 10.
-2
Convert -30 (base 6) to base 10.
-18
20 (base 10) to base 16
14
Convert -1 (base 2) to base 3.
-1
a (base 13) to base 8
12
-44 (base 8) to base 4
-210
Convert 131 (base 10) to base 3.
11212
What is -20 (base 7) in base 16?
-e
Convert -212 (base 3) to base 4.
-113
3 (base 16) to base 14
3
What is -110 (base 2) in base 4?
-12
30 (base 9) to base 13
21
Convert 4 (base 7) to base 3.
11
-61 (base 9) to base 4
-313
Convert 0 (base 5) to base 2.
0
What is 0 (base 8) in base 7?
0
What is -2414 (base 5) in base 14?
-1b9
What is -1033 (base 6) in base 12?
-179
Convert -110 (base 5) to base 7.
-42
Convert 1110 (base 2) to base 6.
22
What is 18 (base 12) in base 6?
32
-6 (base 13) to base 7
-6
3 (base 10) to base 5
3
-126 (base 12) to base 3
-20110
Convert -c (base 15) to base 9.
-13
What is 3 (base 14) in base 12?
3
Convert -15 (base 9) to base 2.
-1110
Convert 10 (base 3) to base 11.
3
What is 18 (base 10) in base 7?
24
-8 (base 15) to base 2
-1000
What is 40 (base 7) in base 4?
130
What is -6 (base 9) in base 14?
-6
Convert -13 (base 13) to base 14.
-12
Convert -13 (base 13) to base 14.
-12
10 (base 2) to base 4
2
7 (base 9) to base 5
12
Convert b (base 15) to base 12.
b
What is 2 (base 8) in base 9?
2
-203 (base 5) to base 4
-311
Convert 3 (base 13) to base 14.
3
-22 (base 6) to base 12
-12
Convert 1010100 (base 2) to base 9.
103
-1 (base 13) to base 6
-1
Convert -c (base 13) to base 16.
-c
-3b (base 12) to base 8
-57
-5 (base 8) to base 3
-12
10010 (base 2) to base 15
13
72 (base 9) to base 4
1001
3 (base 7) to base 15
3
Convert 15 (base 8) to base 9.
14
What is 36 (base 15) in base 8?
63
2 (base 13) to base 5
2
Convert -12 (base 5) to base 6.
-11
-6 (base 12) to base 13
-6
What is 241 (base 6) in base 11?
89
21 (base 6) to base 4
31
1 (base 16) to base 8
1
What is 9 (base 13) in base 9?
10
What is -19 (base 15) in base 13?
-1b
Convert -38 (base 14) to base 2.
-110010
Convert 6 (base 14) to base 12.
6
4 (base 10) to base 6
4
What is 22 (base 5) in base 11?
11
What is 24 (base 7) in base 6?
30
What is 206 (base 7) in base 5?
404
10 (base 3) to base 11
3
W